= -60*w. Let a(o) = 5*o. Let t(h) = -50*a(h) - 4*p(h). What is t(s)?
10
Suppose 0*v - 2*v + 5*x = -3, -5*x - 7 = 2*v. Let o(h) = 6*h. What is o(v)?
-6
Suppose -25 - 25 = -2*q. Suppose -5*p - q = -0*p. Let y(z) = -z**3 - 5*z**2 + 1. Determine y(p).
1
Let u(c) be the second derivative of -c**3/6 - 4*c**2 + 3*c. Give u(-4).
-4
Let u = -87 - -86. Let q(p) = -8*p - 1. Determine q(u).
7
Let u(j) = -3*j**2 - 10*j - 16. Let d(c) = -c**2 - 3*c - 5. Let r(q) = -11*d(q) + 4*u(q). Give r(-7).
-9
Suppose -2*z = -10*z + 56. Let w(f) = f**2 - 9*f - 7. Give w(z).
-21
Let c(j) = -8*j + 11*j + 3 + j**2 - 9*j. Determine c(2).
-5
Let m(k) = 3*k**3 - k - 1. Let p = -3 - -2. Let b = -2 - p. Calculate m(b).
-3
Let s(j) = 6 + 0 + 2*j**2 - 6*j + 2*j**2 - 5*j**2. Calculate s(-5).
11
Let a(g) = -g**3 - g**2 - g. Suppose -5*l = -2*b - 8, 0*l + l = -4*b - 16. Determine a(l).
0
Let r(i) = 6*i**2 - i - 1. Let d(l) = -l**3 - 4*l**2 + 4*l - 6. Let b be (2*-1)/4*16. Let s be 4*(10/b + 0). Let u be d(s). What is r(u)?
6
Let h = 71 + -65. Let a(g) = -g**3 + 6*g**2. Determine a(h).
0
Let b(z) = 16 - 13 - 6 + 2*z. What is b(4)?
5
Let t(n) = n + 6. Suppose -8*k = -13*k - 25. Determine t(k).
1
Let k(l) be the third derivative of -l**5/60 + l**4/6 + l**3/3 + 30*l**2. What is k(3)?
5
Let j(l) = -l**3 + l**2 + 1. Let q(a) = 5*a**3 - 10*a**2 + 5*a + 1. Let k = -9 + 4. Let f = 9 + k. Let o(g) = f*j(g) + q(g). What is o(5)?
5
Let h(a) be the first derivative of a**4/4 - 5*a**3/3 - 4*a**2 + 4*a + 3. Let k(f) = f**3 - 5*f**2 - 9*f + 4. Let q(z) = 3*h(z) - 2*k(z). What is q(6)?
4
Let v be ((-28)/8 - -4)*-4. Let o(w) = 3*w**2 - 2*w - 3. Calculate o(v).
13
Let h(x) = -x. Let s be h(5). Let k = 8 + s. Let f(n) = -k - n**3 + n + 0*n**3 + 0*n. Calculate f(0).
-3
Let m(a) be the second derivative of -5*a**3/6 - 3*a**2 - a. Let o(d) = -14*d - 17. Let f(i) = 11*m(i) - 4*o(i). Calculate f(-6).
-4
Let o(d) = -10*d**2 + 1. Let p = 35 - 36. Determine o(p).
-9
Let x(k) = k**3 - 3*k**2 - 2*k + 3. Let z be (-31)/3 + (-2)/(-6). Let s be (3*-1)/((-15)/z). Let w be (-4*1)/s + 1. Calculate x(w).
-3
Let n be (10/(-8))/(2/(-8)). Suppose -2*r - 3 = n. Let k(i) = i**3 + 4*i**2 + i - 3. Determine k(r).
-7
Let a(q) be the first derivative of -q**4/4 - q**2/2 - 7*q - 12. Determine a(0).
-7
Let a(t) = -2*t + 1. Let l be a(2). Let k be ((-1)/(-3))/(l/45). Let o(z) = -z**3 - 4*z**2 + 5*z - 7. Calculate o(k).
-7
Let p(y) = -y**3 + 5*y**2 + 3*y - 4. Let x(z) = z. Let d(m) = p(m) + 6*x(m). Determine d(6).
14
Let r(m) = -m**3 - 5*m**2. Let u be r(-5). Suppose -3*t + 2*g + 26 = 2*t, 4*t - 5*g - 14 = u. Let a(s) = s**3 - 5*s**2 - 5*s - 1. What is a(t)?
5
Suppose -4*g + 7 - 1 = -l, 3*l - g - 15 = 0. Let f be (-9)/(((-45)/l)/5). Let p(d) = -6*d - d + f*d. Give p(2).
-2
Let p(o) be the second derivative of -o**6/720 + o**5/15 - o**4/4 + 4*o. Let j(a) be the third derivative of p(a). Calculate j(6).
2
Let y(t) be the third derivative of -5/6*t**3 + 1/24*t**4 + 0*t + t**2 + 0. Determine y(5).
0
Let g(q) = -3*q - 3*q + q**3 + 6*q**2 - 2*q**2. Let u = 46 + -32. Let v be u/(-3) + (-2)/6. What is g(v)?
5
Let y(j) = -j**3 + 5*j**2 + j - 1. Suppose -4*o = -5*n + 57, -4*o - n = 18 + 9. Let p(b) = -3 - 5*b + 2*b + 2*b + 0. Let m be p(o). Calculate y(m).
4
Suppose 10 = 23*n - 21*n. Let z(t) = -2*t + n - 1 - 3. Give z(1).
-1
Let f(o) = 3*o + 14. Let s(a) = a + 5. Let b(h) = 2*f(h) - 7*s(h). What is b(-8)?
1
Let y(m) = -m + 1. Let z(u) = u - u**2 - 10*u**3 + 2 + 11*u**3 + 2. Let b be z(0). What is y(b)?
-3
Let x(k) = -k**3 + 3*k**2 - 1. Let v be x(2). Let d(z) be the second derivative of 1/12*z**4 - z**2 + 4*z + 1/3*z**v + 0. Give d(-3).
1
Let m(f) = -f**3 - f**2 - f. Let t(k) = -k**3 + 8*k**2 - 5*k - 8. Let b be t(7). Let c(j) = 7*j**3 + 7*j**2 + 3*j + 2. Let q(i) = b*m(i) + c(i). Calculate q(2).
8
Let y(r) = r**3 + 2*r**2 + r - 2. Let z be ((-8)/24)/(1/3). Let o be 4/3*(-18)/4. Let d be 2 + o - 2/z. What is y(d)?
-4
Let v = 36 + -14. Let i be v/4 + (-1)/(-2). Let f(n) = -n**3 + 6*n**2 + n - 4. Calculate f(i).
2
Let w(x) = -4*x - 4. Suppose 7*o - 3*k - 24 = 2*o, 4*o - 3*k - 18 = 0. Suppose -15 = 2*s - 3*i, 4*i - 2*i = o. Determine w(s).
8
Let s(n) = -n**3 - 14*n**2 - 13*n - 4. Let t be s(-13). Let v(k) = k**3 + 5*k**2 + 6*k. Determine v(t).
-8
Let h(b) be the second derivative of -b**4/12 - b**3/2 - b**2/2 - 13*b. Let o(g) = -g**3 + 6*g**2 - 4*g - 6. Let w be o(5). Give h(w).
1
Let z(n) be the first derivative of -1/2*n**4 - n + 0*n**3 + 2 + 1/2*n**2. Give z(-2).
13
Suppose -5*g = 2*f + 3*f + 5, g - 5*f = 23. Let u(z) = 4*z - 5*z**2 + 4*z**g - 3*z**3 - 5 + z. What is u(4)?
-1
Let w be (-7)/42*-3*(5 - 1). Let d(v) = -v**2 + 2 - v**3 + 0*v**3 + 4*v**2 - 3*v. Give d(w).
0
Let p(u) = 2*u - 9. Suppose 3*d + 24 = 7*d. Calculate p(d).
3
Let c(q) be the first derivative of -q**3/3 + q**2 - 3*q + 29. Calculate c(4).
-11
Let w(d) = -2*d**3 + 9*d**2 + 25*d + 26. Let b(p) = -p**3 + 4*p**2 + 13*p + 13. Let t(i) = -7*b(i) + 4*w(i). What is t(9)?
13
Let v(f) be the third derivative of -f**5/60 + f**4/4 + 2*f**3/3 + 4*f**2. Let g be v(6). Let n(r) = 5 - 3 + r**2 + 4 - 5*r. Calculate n(g).
2
Let p(k) = -3*k. Let m(a) = a - 8. Let i be m(8). Let v be 1/((-3)/3 - i). What is p(v)?
3
Let f(h) be the third derivative of h**4/24 - h**3/3 + 5*h**2. What is f(-7)?
-9
Let o(q) be the first derivative of 0*q + 1/3*q**3 + 2 + q**2. Give o(-2).
0
Let q(j) = -6 + 0*j**2 - j**3 + 3*j**2 + 3*j**2 + 2*j - 2*j**2. Suppose -3*x = -11 - 19. Let y be 5/(-2)*(-16)/x. Give q(y).
2
Let b(g) = g - 10. Let h(v) = 1. Let p(m) = b(m) + 4*h(m). Let s(d) = d**3 + d**2 + 2*d + 2. Let a be s(-1). Calculate p(a).
-6
Let a(r) = -r**3 + 2*r**2 - 4*r - 2. Let l(b) = 6*b**3 - 9*b**2 + 21*b + 9. Let f(z) = 11*a(z) + 2*l(z). Calculate f(-4).
4
Let u(w) = -4*w**2 - 2*w**3 + 6*w**2 + 3*w**3 + 2*w**2 - 3 + w. Let r be (4/(-3))/((-6)/(-18)). What is u(r)?
-7
Let l(w) = -2*w**3 + 4*w**2 - 3*w + 2. Suppose 0 = -3*z + 2*z + 2. What is l(z)?
-4
Let t(f) be the third derivative of f**6/120 - f**5/60 - f**4/12 - f**3/2 - f**2. Let d be (-5)/((-20)/(-3))*-4. Determine t(d).
9
Let n(u) = u**2 - 8*u + 5. Let j(c) = c**3 + 3*c**2 - c - 3. Let h be j(-3). Suppose h*r - 2*r - 15 = -3*g, 0 = -5*g + r + 32. Calculate n(g).
-2
Let t(f) = 0*f**2 - 5*f**2 - 2*f - 2 + 3*f**2. Let c(a) = -a**3 + 5*a**2 + 7*a - 8. Let h be c(6). Determine t(h).
-6
Suppose -6*n + n = -3*c + 40, 5*n + 25 = 0. Let l(d) = 4*d - c*d + 5*d - 3*d - 7. What is l(7)?
0
Suppose -k + 2 = 4*k - w, -3*k + 3*w - 6 = 0. Let b be 78/15 + k/(-5). Let f(t) be the third derivative of -t**4/24 + 2*t**2. Calculate f(b).
-5
Let m(c) be the third derivative of c**5/10 - 10*c**2. Determine m(1).
6
Let o be ((-8)/10)/((-42)/105). Let t(j) be the third derivative of 0 - 1/24*j**4 + 2*j**o + 1/3*j**3 + 0*j. Give t(0).
2
Let s(j) = j - 1. Suppose 20*p - 23*p + 3 = 0. What is s(p)?
0
Let w = 1 + -6. Let t(a) = -5 + 1 - 6*a + a**2 - a - 2*a**2. Give t(w).
6
Suppose 5*o - 10 = 5*l, 3*l - 8*l + 20 = 5*o. Let f = -1 + o. Let u(s) = -1 - f - s + 1 + 3. Determine u(2).
-1
Let a(h) be the first derivative of -1/4*h**4 - 2/3*h**3 + 2 - 1/2*h**2 - 4*h. What is a(-3)?
8
Let n(f) be the third derivative of f**2 - 1/6*f**3 - 1/360*f**6 + 0 + 0*f - 1/40*f**5 - 1/24*f**4. Let m(o) be the first derivative of n(o). Calculate m(-1).
1
Suppose -4*q + 8 = 5*u, 3*q + 7*u - 6 = 3*u. Let y(j) = 0 + q*j**2 - j**2 - 5*j + 3. Let r(g) = g**2 + 2*g + 5. Let v be r(0). What is y(v)?
3
Suppose -b = 4*c - 20, 0*b - 2*b = 0. Suppose -22 = -4*o + 2*o. Let t(y) = c*y - 4*y + o - 2*y. Give t(0).
11
Suppose 4*q + 10 = 6*q. Let u(a) = 2*a + q + 0 - 2. Determine u(-2).
-1
Suppose m + m = 0. Let x be (m + 2)/(3 - 4). Let z(j) = -j. Determine z(x).
2
Suppose -3*g = -6*g - 3*r + 21, 3*g - 2*r - 1 = 0. Suppose -d = -3*d + 4. Let y(t) = t**g - t - 8 + d*t + 2. What is y(0)?
-6
Let i(d) be the second derivative of d**3/6 + 5*d. Determine i(-1).
-1
Let m = 40 - 38. Let k(j) = -2*j**2 + 8*j + 7. Let a(g) = -3 + g + 0*g + 4. Let v(y) = 6*a(y) - k(y). Determine v(m).
3
Let d(b) = 4*b - 1. Let l(m) = m. Let k(x) = -3*d(x) + 5*l(x). Determine k(2).
-11
Let y(m) = -2*m + 3. Let n(l) = 1. Let o(w) = -6*n(w) - y(w). Give o(8).
7
Let m(v) be the first derivative of -7*v**4/24 + v**3/2 + 3*v**2/2 - 1. Let l(k